vative of -p**4/4 + 5*p**3/3 - 2*p**2 - p - 5. Calculate z(y).
5
Let w(d) = d**3 + 8*d**2 + 5*d - 10. Let c(a) = -10*a + 153. Let g be c(16). Calculate w(g).
4
Let u(r) = -r**3 + 8*r**2 - 7*r. Suppose s + 5*i = 3*i + 44, -4*s - i + 197 = 0. Suppose s*x = 49*x + 7. What is u(x)?
0
Let o be -2*1 - (-150)/(-5). Let t = 22 + o. Let u = t + 11. Let w(z) = -12*z**3 - 2*z**2 + 2*z - 1. What is w(u)?
-13
Let h(b) = -4*b - 2. Let x(k) = k**2 + 12*k + 28. Let y be x(-11). Suppose -2 = -y*r + 16*r. What is h(r)?
-10
Suppose 0*v - 3*i = -4*v - 29, 3*v + 2*i + 9 = 0. Let c be 15/10*10/3. Let x(h) = 4*h + h**3 + 0*h + c*h**2 + 5 + 1. Give x(v).
-14
Let a(p) = p**3 - 8*p**2 + 8*p - 4. Suppose 4*j + 0*s + 2*s = 2, 0 = -3*j - 3*s - 3. Suppose -j*z + 7*z - 9 = -2*c, 3*z = 3*c - 24. What is a(c)?
3
Suppose g = -7*g - 24. Let y(p) = p**3 + 2*p**2 - p + 5. Give y(g).
-1
Let o(c) = 8*c**2 - 1 + 2*c**2 - 11*c**2. Let m be -6*(-3 + (-5)/(-2)). Suppose -r = -m*r. Determine o(r).
-1
Let l(c) be the third derivative of -c**8/2880 - c**6/720 + 4*c**5/15 - 36*c**2. Let h(j) be the third derivative of l(j). What is h(1)?
-8
Suppose 5 = j, -4*j = 4*s - 5*j - 135. Let c be (-128)/(-20)*s/2. Let t(x) = 2 - 9 - c*x + x**2 + 105*x. Give t(7).
-7
Let j(o) = 13*o**3 + 35*o**2 - 4*o - 35. Let n(x) = -9*x**3 - 24*x**2 + 3*x + 23. Let f(h) = 7*j(h) + 10*n(h). Determine f(-4).
-7
Let w = 1848 + -1842. Let v(m) = m**3 - 6*m**2 + 2*m - 9. Determine v(w).
3
Let s(u) = u**2 - 2. Suppose -3*r + 2*o = r - 14, -5*o - 5 = 0. Determine s(r).
7
Let b = 0 - 0. Let h(l) = -38 + 0*l - 1701*l**2 - l + 1700*l**2 + 37 - l**3. Calculate h(b).
-1
Let i(v) = 4*v - 1. Let f(c) = 25*c - 2. Let d(g) = -f(g) + 5*i(g). Calculate d(-3).
12
Let p(c) = -11*c + 544 + c**2 - 520 - 2*c. What is p(11)?
2
Let a(j) = -2 - 1 - 6 - 10*j. Let c(o) = o + 5 + 3*o + o. Let h(w) = -3*a(w) - 5*c(w). Give h(2).
12
Let d(n) = -n**3 + 4*n**2 + 4*n + 4. Let b be (-3)/((-6)/4) - -2. Suppose b*o - 7 = -3*x, 2*x = o + 5 + 7. Suppose x*s - 6 = 19. What is d(s)?
-1
Let a be (-1 + 1)*(1 - 0). Suppose a*i - i + 15 = 3*f, -i = -3. Let g(v) = -1 + 5*v**2 + 4*v - f*v**2 + 3 + v**3 + 3*v**2. Determine g(-2).
2
Suppose 0*d = d + h, 4*d + 3*h = -5. Let z(x) = -7*x + 0*x + x - x**2 - 5 + 0*x + 7. Calculate z(d).
7
Let g = 76 + -68. Let b(h) = h**3 + g*h**2 + 2 + 6 - 4 + 0 + 8*h. Determine b(-7).
-3
Let y(m) = -m**2 + 5*m - 1. Suppose -17*o + 24 = -12*o - d, -14 = -3*o + d. Calculate y(o).
-1
Suppose 2*a - 40 = -6*a. Let x(i) = 4*i + 7. Let l(q) = q - 1. Let m(z) = a*l(z) - x(z). Give m(0).
-12
Let h be (1 - -4)/1 - 0. Let r(u) be the third derivative of 1/24*u**4 - 11*u**2 + 0 - 1/3*u**3 + 0*u. What is r(h)?
3
Let v(f) be the first derivative of f**4/4 + 2*f**3 - f**2 - 2*f + 16. Let r = -11 + 5. Give v(r).
10
Suppose 5*r - 47 = -4*m + m, -44 = -4*m - 2*r. Let j(y) = y - 11. Determine j(m).
-2
Suppose 5*d + 12 = -w + 36, 4*w - 3*d = -19. Let v = -2 + w. Let u(c) = 2*c**2 - 117*c + 1 + 59*c + 61*c. Give u(v).
10
Let d(h) = h**2 + 3. Let o be d(0). Suppose f = 4*u + 7 + 3, -o*f + 14 = -4*u. Let l(r) = -11 + f*r + r + 6 + 6. Calculate l(-1).
-2
Let t(d) be the third derivative of 0*d + 12*d**2 + 0 + 1/6*d**3 - 1/8*d**4 + 1/60*d**5. What is t(3)?
1
Let g(m) = -m**3 + 7*m**2 - m + 9. Let z(k) = -47*k**3 - 2*k**2 - 3*k - 1. Let l be z(-1). Suppose -l - 2 = -7*c. Determine g(c).
2
Let u(v) = 5 + 6 + 2*v - 11 - 26*v**2 - 1. Give u(1).
-25
Let y(k) be the third derivative of -k**7/252 + k**5/120 + k**4/3 + 3*k**2. Let x(u) be the second derivative of y(u). What is x(-1)?
-9
Let w be (-70)/(-21)*(-18)/10. Let s(o) = -2*o**2 - 9*o - 2. What is s(w)?
-20
Let a(s) = -3*s + 5*s - s - 2*s - 1. Let t(y) = y + 1. Let g(w) = 6*a(w) + 5*t(w). Calculate g(-7).
6
Let a(k) = 30*k**2 + 2*k - 1. Let n(t) = t**3 + 5*t**2 + 13*t + 22. Let b be n(-3). Determine a(b).
31
Let r = 1 - 1. Let q(u) be the second derivative of u**4/12 - u**3/6 - 7*u**2/2 + 180*u + 19. What is q(r)?
-7
Suppose -3*f = x - 13, -5*x - 2*f + 19 = -20. Let l(y) = 8*y - 68 - x*y + 69. Calculate l(0).
1
Let f = 7 + -2. Suppose -f*a + 4*k + 0 = -18, -5*k - 10 = 0. Let g(z) = 0 - z**3 - a*z - 2*z**2 + 4*z**2 + z**2 + 1. Give g(1).
1
Let p(v) be the first derivative of 18*v**2 + 36*v + 6. Let f be (43 - 0) + (-1)/(-1). Let b(s) = -5*s - 5. Let n(y) = f*b(y) + 6*p(y). Calculate n(-3).
8
Let t(o) be the first derivative of 13 - 4*o - 1/2*o**2. Calculate t(-6).
2
Suppose 20 = 5*v + r, -3*v + 19 = 2*r - 0*r. Suppose 14 = -2*h + u + v*u, 0 = 5*h - 3*u + 21. Let c(t) = t. Determine c(h).
-3
Suppose -120*s + 107*s + 65 = 0. Let w(u) be the first derivative of 2*u + 0*u**2 + 2/3*u**3 - 1/2*u**4 - s. Give w(2).
-6
Let b(g) = g**3 - 3*g**2 - 3*g + 3. Let f = -16 + -15. Let l = f + 47. Suppose -y + 5*y - l = 0. What is b(y)?
7
Let s(j) = -j + 4*j + j - 3*j + 17 + 2*j. Let g(k) = k - 36. Let v(l) = -9. Let t(o) = -2*g(o) + 9*v(o). Let w(x) = -3*s(x) - 5*t(x). Calculate w(6).
0
Let u(l) = 1 + 4*l**2 - l + 0*l**2 - 5*l**2. Suppose 0 = 10*y - 32 + 12. What is u(y)?
-5
Let h be (-2 + 2)/(29 - 27). Let f(b) = b**2 + b + 7. Calculate f(h).
7
Let b(j) be the first derivative of -2*j**2 - 3*j + 71. Give b(-2).
5
Let r(f) = 9*f - 66. Let o(t) = 6*t - 45. Let z(i) = -7*o(i) + 5*r(i). Determine z(11).
18
Suppose 3*u = 2*a + 20, 2*u - 4*a = 10 - 2. Let g(z) = z**2 - 7*z - 3. Let w be g(u). Let s(n) = n**3 - 5*n**2 + 6*n - 5. Give s(w).
25
Let o be 0*(-5)/20*(6 + -7). Let j(c) = c + 12. Calculate j(o).
12
Let i(n) = -14*n**3 + n**2 + 2*n. Suppose -710*v - 13 = -697*v. Give i(v).
13
Let p(h) = -5*h**2 - h + 5. Let i = 245 - 242. What is p(i)?
-43
Let b(d) = 2*d**2 - 547*d + 1095*d + 4 + d**3 + d**2 - 543*d. Calculate b(-3).
-11
Let w(t) = -t**3 + 4*t**2 + 8*t - 5. Let h be 3/(-27)*3 - 860/(-6). Let r = h - 138. What is w(r)?
10
Let l(f) = -f**3 + 8*f**2 - 3*f + 5. Let o = 17 - 9. Determine l(o).
-19
Suppose 48*l = 44*l - 208. Let b be (4 + l/16)*4. Let x(p) = p**2 - 2*p + 2. Give x(b).
5
Let v = -46 - -58. Suppose 27*a - v = 24*a. Let g(k) = k**2 - 4*k + 2. Calculate g(a).
2
Suppose -m - 19 = 5*u + 7, -4*m = 4. Let d(z) be the third derivative of -z**6/120 - z**5/10 - 5*z**4/24 - z**3/6 + 2*z**2. Give d(u).
-1
Suppose 5*q + l - 22 = 13, 21 = 2*q - l. Let h be q/2 - (-140)/(-14). Let w(d) = 6*d + 9. What is w(h)?
-27
Let o(k) = -k**2 - 30*k. Let m be o(-30). Let q(r) = -r + 3. Calculate q(m).
3
Let k = -169 + 170. Let p(m) = 28*m**3 + m**2. Determine p(k).
29
Let l be ((-6314)/(-35))/11 + (-2)/5. Suppose -4*o = -4*w - l, 3*w + 0*w + 5*o + 28 = 0. Let a(q) = 2*q + 3. Calculate a(w).
-9
Let w(d) = d**2 - 10*d - 9. Let u be w(11). Let o be 0*u*(-5)/10. Let z(y) = y + 13. Calculate z(o).
13
Let p be 3/(-1)*(-2)/6. Let w(l) = -37*l**3 + l**2 + 6*l - 7. Let d(y) = -32*y**3 + y**2 + 5*y - 6. Let o(s) = 7*d(s) - 6*w(s). Give o(p).
-2
Let b(d) = d. Let n(g) = 306 + 3*g - 306 - 4*g. Let f(s) = 4*b(s) + 3*n(s). What is f(9)?
9
Let s(i) = 3*i + 8. Let c be (1 - 52/16)/(3/8). What is s(c)?
-10
Let j(a) = 462*a**3 - 1386*a**3 + 464*a**3 + 462*a**3 - a**2. Calculate j(1).
1
Let h(i) = -9*i**2 + 6*i + 1. Let m(a) = 16*a**2 - 10*a - 1. Let c(z) = 7*h(z) + 4*m(z). Let g be (-82)/26 + 30/195. Determine c(g).
6
Let i = -89 - -127. Let u = -40 + i. Let k(a) be the third derivative of -a**4/24 + a**3/6 + 2*a**2. What is k(u)?
3
Let s(d) = -d**3 + 8*d**2 + d - 74. Let v be s(5). Let x(l) = l + 3. Give x(v).
9
Let p(w) be the third derivative of 0 - 3*w**2 + 0*w - 7/6*w**3 + 1/24*w**4. Give p(-5).
-12
Suppose 2*k = 5*r - 258, 5*r - 312 = -3*k - 74. Let t(n) = 10*n + r - n**2 - n - 56. Give t(7).
8
Let p(a) be the first derivative of -a**3 + 9*a**2 - 5*a + 164. Give p(6).
-5
Let m(n) = 7*n**2 + 8*n. Let k(s) = s**2 + 2*s. Let t(d) = 6*k(d) - m(d). Let p(h) = h**3 - 8*h**2 - h + 6. Let z be p(8). Let o = 3 - z. Calculate t(o).
-5
Suppose 58 = -4*h + 66. Let l(x) = 11*x - 5*x**2 - 9 - 3*x + 7*x**2 - 3*x**h. What is l(7)?
-2
Let f(w) = -4*w + 6. Let t(s) = -s**3 + 22*s**2 + 76*s - 21. Let g be t(25). Give f(g).
-10
Let d(k) be the second derivative of -k**4/12 + 3*k**2/2 - 7*k. Determine d(4).
-13
Let l(b) = -b**2 - 5 - 57*b + 7*b - 5*b + 42*b. Calculate l(-15).
-35
Let j(s) = -4*s - 5 + 7*s - 2 - 2*s. Calculate j(-7).
-14
Let n(o) be the third deriv